+ 10*z. Calculate the highest common divisor of 125 and z.
25
Suppose 1651*d = 1643*d + 32. Let z = -6 - -46. Let p = -24 + z. Calculate the highest common factor of d and p.
4
Suppose -5*v - 3587 = -4*t, 0 = 6*v - 9*v - 9. Calculate the highest common factor of 19 and t.
19
Suppose -4*u - 140 = -4*w, 3*u + 2*w + 58 = u. Let m = -33 - u. Let p be 64/(-4 + 2)*m. Calculate the highest common divisor of 8 and p.
8
Let p = 2153 + -2137. Calculate the highest common factor of 80 and p.
16
Suppose 50 - 2 = 4*l. Suppose v + 181 = -2*b, 269 = -3*b + v - 5*v. Let m = -31 - b. Calculate the greatest common divisor of l and m.
12
Let g = 11 - 9. Let a be ((-36)/42)/(1/(-21)). What is the greatest common factor of g and a?
2
Suppose 0 = -m + 4*m - 30. Let f be 1 - (1 + (-8)/4). Calculate the highest common divisor of f and m.
2
Let m be (0/6 + 105)/((-6)/(-4)). Calculate the greatest common divisor of m and 28.
14
Suppose -5*v = -1 - 34. Suppose -4*k + 1 = -u - 0, -u = 1. Suppose k = -0*q + q - 3*p - 36, 5*q - 3*p - 204 = 0. What is the greatest common divisor of v and q?
7
Suppose 12*q - 522 = 3*q. Calculate the highest common divisor of q and 377.
29
Let s(l) = -17*l. Let m be s(-1). Let n = m + 11. Let p be (2/1)/(1/n). What is the highest common factor of p and 7?
7
Suppose 16*p - 5*k = 17*p - 53, 2*p - 5*k - 46 = 0. Calculate the highest common divisor of p and 22.
11
Suppose -2*a = 4*o - 94, -3*o - 5*a - 64 = -6*o. Suppose 3*r - 22 - 11 = 0. Let i = r + 12. What is the greatest common factor of i and o?
23
Suppose 4*w - 20 = -0*w - 5*k, w - 12 = -3*k. Suppose -v = -w*v - 20. Let y be 2/(-4) + 2610/v. What is the highest common factor of y and 52?
26
Let f(s) = 23*s + 18*s + 50 - 40*s. Let l be f(0). Calculate the greatest common divisor of l and 75.
25
Suppose 3*m - m - b - 7 = 0, -b = 5. Let l = m - -4. Suppose 4 = -3*g + 2*g - l*p, -5*p = -5*g + 40. What is the highest common factor of g and 66?
6
Suppose 250*o = 255*o - 430. Calculate the greatest common factor of 43 and o.
43
Suppose 5*x - 134 - 141 = -m, 4*x - 196 = 4*m. Suppose -x = -4*c + l, -2*l + 5*l + 6 = 0. Calculate the highest common factor of 91 and c.
13
Let n(c) = 24*c + 267. Let l be n(-8). What is the highest common factor of 45 and l?
15
Let x(q) = -4*q + 12. Let c(f) = 1. Let u(v) = 16*c(v) - x(v). Let k be u(2). Calculate the greatest common factor of 108 and k.
12
Let x(n) = -7*n + 25. Let i be x(3). What is the highest common divisor of 52 and i?
4
Let o(n) = -n**3 + 10*n**2 - 15. Let p be o(5). Let y(t) = 6*t + 2. Let c be y(-2). Let k = c + 20. What is the highest common factor of p and k?
10
Let c(m) = -m**3 - 25*m**2 - 3*m - 50. Let y be c(-25). Suppose y*w - 3 = 22*w. What is the greatest common divisor of 3 and w?
1
Let r = -85 + 137. Suppose -4*j - 5*d = -157, 85 + 24 = 3*j - 5*d. Let n = r + j. Calculate the greatest common divisor of n and 10.
10
Let c be (42/24)/((-1)/(-8)). Suppose -4*d = -5*d. Suppose -25 = 5*i, d = g - i - 47 - 70. Calculate the greatest common divisor of g and c.
14
Let s = 1254 + -988. Calculate the highest common factor of s and 76.
38
Let i(j) = 2*j + 1. Let b be i(1). Suppose 48 = -2*z + b*z. Calculate the greatest common divisor of z and 36.
12
Let r = -51 - -557. What is the greatest common factor of 46 and r?
46
Suppose -9*v - 356 = -1571. What is the highest common factor of 60 and v?
15
Suppose -98*p - 1846 = -99*p. What is the greatest common divisor of p and 26?
26
Let s be (-11 + -24 + 5)*14/(-5). Calculate the greatest common factor of 63 and s.
21
Let p(h) = h**2 - h - 3. Let d be p(3). Suppose 0 = -d*x + 7*x - 96. Suppose -3*l = -l - x. What is the greatest common divisor of l and 12?
12
Suppose 0 = 4*a + 172 - 508. Suppose 63 + 49 = 4*u. Calculate the highest common divisor of u and a.
28
Suppose -5*g = 49 + 26. Let x = 33 - g. What is the highest common divisor of 32 and x?
16
Let b = -4 - 3. Let z be (b - -1)/((-12)/32). Calculate the greatest common divisor of z and 160.
16
Suppose 0 = -4*j + j. Suppose j = 3*d - 41 - 112. Calculate the greatest common factor of 34 and d.
17
Let w(d) = -3*d + 10. Let a be w(7). Suppose 0 = -4*m - 15 - 61. Let c = a - m. What is the highest common divisor of 12 and c?
4
Suppose -2*d - 8 = -4*u, -195*d - 12 = -5*u - 193*d. What is the highest common factor of 58 and u?
2
Suppose 3*p = -2*y + 258, -4*p - 5*y + 348 = -y. Calculate the highest common divisor of 24 and p.
12
Let i = -39 - -28. Let l be (-9)/18 - i/2. What is the greatest common factor of l and 10?
5
Suppose -8*s + i = -3*s - 25, -45 = -5*s + 5*i. Suppose -5*g = -s*g - 85. What is the highest common factor of 17 and g?
17
Suppose 0 = -90*n + 97*n - 427. Calculate the greatest common divisor of 1 and n.
1
Let j(t) = 3*t + 36. Let l be j(7). What is the greatest common divisor of 95 and l?
19
Let l(h) = 39*h**3 + h - 2. Let z be l(2). Calculate the highest common factor of 24 and z.
24
Let x(n) = 55*n + 1. Let o = 117 - 116. Let i be x(o). Let c(b) = -b**3 + 5*b**2 - b - 2. Let p be c(2). Calculate the highest common factor of p and i.
8
Let q(h) = 4*h - 12. Let m(n) = -n**2 + 5*n + 1. Let d be m(4). Let p be q(d). Suppose p*b - 5 = 3*b. Calculate the greatest common factor of b and 1.
1
Suppose 37*p = 33*p + 16. Suppose -5*o + 180 = p*a - 5*a, -3*a + 36 = o. Calculate the greatest common divisor of 27 and o.
9
Let x be 1082 - 11 - (-4)/4*1. Calculate the greatest common factor of 16 and x.
16
Let x(y) = y**2 + 32*y - 941. Let g be x(-58). What is the greatest common factor of 126 and g?
63
Let x be (-2697)/(-39)*-1 - (-2)/13. Let w = x - -137. What is the highest common divisor of 17 and w?
17
Let g = 536 + -463. Calculate the greatest common divisor of 949 and g.
73
Let y be 44 + -3 + (0 + 7 - 2). Calculate the highest common factor of 207 and y.
23
Suppose 4*g = -4, 0*n - 4*g = -3*n + 268. What is the highest common divisor of n and 128?
8
Let j = -650 + 701. What is the highest common divisor of 1479 and j?
51
Suppose -4*l = -4*z - 8, 5*l + z - 2*z = 10. Let g(m) = m - 5. Let t be g(9). Calculate the greatest common factor of t and l.
2
Let w be ((-9)/(-12))/((-3)/12). Let l be 85*(w/(-3) - 0). Let r(y) = y**3 + 5*y**2 - 8*y + 5. Let f be r(-6). Calculate the greatest common factor of f and l.
17
Let u be (-43094)/(-87) - 2*2/12. What is the greatest common factor of u and 10?
5
Let d(q) be the first derivative of -q**3/3 + 3*q**2 - 2*q + 16. Suppose 0 = 3*k + 2*k - 15. Let a be d(k). What is the greatest common divisor of 63 and a?
7
Let m(n) = 2*n**3 + 3*n**2 + 2. Let x be m(-6). Let b = x - -452. Let k = -86 + b. Calculate the highest common divisor of 11 and k.
11
Suppose -466*q + 497*q = 63984. Calculate the greatest common divisor of 8 and q.
8
Let n(c) = c**3 - 5*c**2 + 6*c - 10. Let f be n(5). Let i be (-1)/4 + 1085/f - -1. What is the highest common factor of 5 and i?
5
Suppose 4*n = 3*g + 97, 3*n + 91 = 7*n - g. Calculate the greatest common divisor of 55 and n.
11
Let t be 2/(-7) + (-569)/(-7). Let o be 5 + (-3)/6*-4*1. Suppose 4*l = o*l - t. What is the highest common factor of 243 and l?
27
Let k = 6339 - 6324. Suppose 4*q = 4*p + 740, -3*q - 295 = 4*p - 836. Let z = q - 63. What is the greatest common divisor of k and z?
15
Let f be 4 - 0 - (-4 + 5). Let w = f + -3. Let b = w + 30. What is the highest common factor of 240 and b?
30
Let h = 10 + -2. Let t = -3 - -5. Suppose 0 = -y + t + 6. What is the greatest common divisor of h and y?
8
Suppose -4*l + 4*b + 2668 = 0, -13*l + 9*l + 2662 = -2*b. Calculate the highest common divisor of 249 and l.
83
Let m(w) = -38*w + 30 + 21*w + 16*w - 5. Let v be m(4). Calculate the highest common divisor of v and 21.
21
Let q = 39 - 27. What is the greatest common divisor of q and 36?
12
Let g be (-5396)/(-133) + (-4)/7. Calculate the highest common divisor of 256 and g.
8
Let n(a) = a - 3 - 1 + 0*a + 7. Let h be n(5). Calculate the highest common factor of 20 and h.
4
Let r be (-56)/(-48) + (-4)/24. Let y = 8 + -6. Suppose 5*n - 4*g - 25 = 0, -2*n + n - y*g = 9. Calculate the greatest common factor of r and n.
1
Let v = 5 + 0. Suppose -v*u + 208 = -292. What is the greatest common divisor of u and 40?
20
Let f = -14 - -4. Let y be (155/f)/((-1)/2). Let o be (-219)/(-7) + 6/(-21)